 = -4 + 1 + 4 + 2*r**2 - 2*r. Let o be p(i). Calculate the greatest common factor of 26 and o.
13
Let g = 8 - 5. Let j(t) = 3*t + 5*t - t - g. Let f be j(9). Calculate the highest common divisor of 12 and f.
12
Suppose -3*r - 3 = -3*a, r + 6*a - a = -7. Let i be r + 1 + 1*-2. Let h be (24 + i)*14/6. What is the greatest common divisor of 7 and h?
7
Let a be 2*1 + 120/(-3). Let o = a + 70. What is the highest common divisor of 48 and o?
16
Suppose -q = -2*n - 6*q + 68, -3*q - 84 = -4*n. Let w = 111 - 51. What is the highest common divisor of w and n?
12
Let d = -21 + 34. What is the highest common divisor of 91 and d?
13
Suppose 4*h - 2*h = 2*y - 32, -109 = 4*h + 5*y. Let p = 12 + h. Let g(v) = v**2 + 9*v + 2. Let d be g(p). Calculate the greatest common factor of d and 14.
2
Let d = 42 - 20. Suppose -8 - d = -q. Calculate the highest common factor of q and 30.
30
Let x be 2*30*6/8. Let r = 7 - 2. What is the highest common factor of x and r?
5
Let f = 175 + -95. Calculate the highest common factor of f and 8.
8
Suppose -9*x - 351 = -12*x. What is the greatest common factor of 13 and x?
13
Suppose 4*t = 4*x - 66 - 34, -2*x + 49 = -t. Let m be (x/(-20))/((-2)/(-5)). Let v be 2 + (10 - m) + -1. Calculate the greatest common divisor of 112 and v.
14
Let x be (-1)/(2/(-36)) + 1. Let q(t) = 12*t + 6. Let b be q(9). Suppose r - b = -0*r. What is the greatest common factor of x and r?
19
Let b be (-2)/3 + (-164)/(-3). Let z(h) = -11*h - 1. Let t be z(-1). Let i be 355/t - (-1)/2. What is the highest common divisor of i and b?
18
Let d = -34 - -43. Calculate the highest common factor of d and 9.
9
Let t = 28 - 24. Suppose -t*n + 40 = -2*n. Calculate the greatest common factor of n and 4.
4
Let i = 36 - 29. Let x be (-2)/(-9) - 565/(-9). What is the greatest common factor of i and x?
7
Suppose 0 = -0*d + 3*d - 2*q - 55, d - 2*q = 21. Suppose 3*p = 1 + d. Calculate the greatest common divisor of 24 and p.
6
Let j be 2/6 + (-212)/(-12). Let g be (-2)/4*(2 - 2). Let t be (-24 + 6)/(g - 2). Calculate the highest common factor of t and j.
9
Suppose 3*p - 22 = p. Calculate the highest common factor of p and 77.
11
Let g = -35 - -14. Let w = 35 + g. Calculate the greatest common divisor of w and 154.
14
Suppose 4*i - 5*s = 108, -2*i + 5*i + 3*s = 81. Suppose 0*z + 16 = 4*z. Suppose -z*d = -69 - i. What is the highest common factor of d and 3?
3
Let f(m) = m**3 + 6*m**2 + 3*m - 6. Let u be f(-5). Suppose -3*w - 3 = -u*w. Let j be (-2)/w + 46/6. Calculate the highest common factor of 49 and j.
7
Let f = -5 - -15. Let y be -3 - -1 - 8/(-2). Suppose f = y*k - 110. Calculate the greatest common divisor of k and 24.
12
Let d = 21 - 11. Suppose q - d = -q. Calculate the highest common factor of 40 and q.
5
Let n(z) = -121*z - 6. Let y be n(-6). Suppose -5*x + 10*x - y = 0. Let v = 10 + 6. Calculate the greatest common factor of x and v.
16
Let j = 51 - 34. Calculate the greatest common divisor of 17 and j.
17
Let f = 69 - 51. Let d = -26 - -38. Calculate the highest common factor of f and d.
6
Let a = -32 - -44. Calculate the greatest common divisor of 12 and a.
12
Let r = -35 + 37. Calculate the highest common divisor of r and 1.
1
Let s(t) = -t + 13. Suppose 6*n - 18 = 4*n. Let y be s(n). Let d(x) = x**2. Let i be d(y). What is the greatest common divisor of i and 8?
8
Let n(l) = -l**3 + 7*l**2 + l + 7. Let r be n(7). Suppose r = 3*d - 7. Suppose 0 = -5*j + 23 + d. What is the highest common factor of 12 and j?
6
Let l(m) = -m**3 - 9*m**2 - 9*m - 6. Let f(b) = b**3 + 3*b**2 - b + 4. Let k be f(-4). Let i be l(k). What is the greatest common divisor of 22 and i?
2
Let t = 93 - 69. What is the greatest common divisor of 60 and t?
12
Let g(c) = 4*c**2 - 4*c - 3. Let x be g(11). Let z = x + -205. What is the greatest common factor of z and 29?
29
Suppose 20 - 10 = g. What is the greatest common factor of g and 90?
10
Let a(i) = -i**2 - 6*i + 3. Let t be a(-6). Let s be 53/t - 2/(-6). Let n = 18 + s. What is the highest common factor of 9 and n?
9
Let f(y) = 16*y + 6. Let a be f(4). What is the greatest common divisor of a and 10?
10
Let a be 22 - ((-44)/(-11))/(0 + -2). Let h(f) = f**3 + 7*f**2 + 3*f - 2. Let k be h(-6). Calculate the greatest common divisor of a and k.
8
Let a(r) be the second derivative of -7*r**3/3 - 9*r**2/2 + 3*r. Let i be a(-6). Suppose -2*s - 60 = -6*s. What is the greatest common factor of i and s?
15
Suppose 0*h - 5*h = 4*g, -5*h = -4*g + 40. Calculate the highest common factor of g and 25.
5
Suppose 0 = -0*f - 2*f + 30. What is the greatest common divisor of f and 135?
15
Let u = 50 + -28. What is the highest common factor of 33 and u?
11
Let x be -4 - 1/((-3)/57). Let r be 59/2 - 4/(-8). What is the highest common divisor of x and r?
15
Suppose 1 = 3*y + 4, -53 = -4*x - 3*y. Let p be 2/7 + (-4)/x. Suppose -h + 3 + 37 = p. What is the greatest common factor of 8 and h?
8
Suppose 3*p = 2*p. Suppose 0 = -2*z + 4*w + 24, -5*w - 60 = -p*z - 5*z. What is the highest common factor of z and 6?
6
Let m(f) = 2*f + 7. Let r be m(-5). Let s = r + 5. Suppose -3*x + 4*t - s + 4 = 0, -2*x - 4*t + 8 = 0. What is the greatest common divisor of x and 2?
2
Let p = 181 - 93. Calculate the greatest common divisor of p and 11.
11
Suppose -3*p + 0*l + 16 = 4*l, 5*p + l - 21 = 0. Let i = 28 - 8. Calculate the greatest common divisor of i and p.
4
Let a(f) = -f**3 - 5*f**2 - 2*f - 4. Let l be a(-5). What is the greatest common factor of l and 6?
6
Let v = 35 - 7. What is the greatest common factor of 14 and v?
14
Let p be (1*-2)/((-4)/104). Let z = 10 - 13. Let l(n) = -5*n - 2. Let y be l(z). What is the greatest common divisor of y and p?
13
Suppose 2*u = 4*i - 35 - 19, 0 = 3*i - u - 38. Calculate the highest common divisor of i and 11.
11
Suppose -4*r - t + 365 = 0, 2*t + 260 = -r + 4*r. What is the greatest common factor of 10 and r?
10
Suppose -3*q - 3*z - 10 = -43, 0 = -4*q + 5*z + 53. What is the greatest common factor of 24 and q?
12
Suppose -3*j + 2*b + 15 = -2*b, -3*b = 2*j + 7. Let r be 2/j*2*1. Suppose r*t - 2*w = -t + 106, t = w + 23. What is the greatest common divisor of 2 and t?
2
Let q(f) = 2*f**2 - 7*f + 5. Let x be q(5). What is the greatest common divisor of 100 and x?
20
Suppose 3*m - 5*f = 122, 138 = 2*m + m + 3*f. What is the highest common divisor of 4 and m?
4
Suppose 6*x = 3*x + 30. Suppose x = -3*o + 2*o. Let c be -3 + 0/(-3) - o. What is the highest common factor of c and 21?
7
Let t be 9*((-4)/(-6) + 2). Suppose 3*n - 69 = -x, -3*x - 6*n = -3*n - 213. What is the greatest common factor of t and x?
24
Suppose 26 + 10 = 4*c. Let j = c + 17. Calculate the greatest common divisor of j and 52.
26
Suppose 3*n + 104 = 2*n. Let p = -8 - n. Calculate the greatest common factor of p and 12.
12
Let q = 22 - 4. Suppose 3*b - q = 9. Calculate the greatest common factor of b and 3.
3
Let f = 670 - 337. What is the greatest common factor of f and 37?
37
Let y = 2 - -14. Let i = 36 - 59. Let q = i + 71. What is the highest common divisor of q and y?
16
Let p = -76 - -103. Calculate the greatest common factor of p and 3.
3
Let u = 274 - 194. Suppose 4*v - 2*l = 320, v - 2*l + 3*l - u = 0. Calculate the highest common divisor of v and 10.
10
Let u be (2/4)/((-1)/8). Let m = 5 - u. Calculate the greatest common divisor of m and 81.
9
Let u(z) = -z**3 - 3*z**2 + 2. Let q be u(-2). Let i be (q - 0)/((-2)/15). Suppose 0 = b - 48 - i. Calculate the highest common divisor of 7 and b.
7
Let v = -16 + 28. What is the highest common factor of 3 and v?
3
Suppose 85 = 4*s + s. Suppose 0 = 3*o + 5*r - s - 36, 5*r = 20. Suppose q + 2*v - 32 = 3*v, -2*q - 5*v = -71. What is the greatest common factor of q and o?
11
Suppose j - 18 = -j. What is the highest common divisor of j and 18?
9
Let g(f) = -f**2 + 9*f - 5. Let s be g(5). What is the greatest common divisor of 10 and s?
5
Let k = 9 + -11. Let d(l) = -24*l**3 - 3*l**2 - l - 2. Let t be d(k). What is the greatest common factor of t and 20?
20
Suppose 0 = -2*a - 2*c - 22 + 8, 3 = c. Let f = 2 - a. Suppose 0 = 2*b - f - 12. What is the highest common divisor of b and 8?
4
Let u(b) = -b**2 + 13*b - 3. Let l be u(12). What is the highest common divisor of l and 1?
1
Suppose -3*n + 4*p = -553, -2*p = -n + 187 - 4. Le